{"id":122,"date":"2018-09-23T17:37:00","date_gmt":"2018-09-23T17:37:00","guid":{"rendered":"https:\/\/www.technikag-eckener.de\/?page_id=122"},"modified":"2019-08-17T17:14:13","modified_gmt":"2019-08-17T17:14:13","slug":"videotechnik","status":"publish","type":"page","link":"https:\/\/www.technikag-eckener.de\/?page_id=122","title":{"rendered":"Videotechnik"},"content":{"rendered":"<p><img loading=\"lazy\" decoding=\"async\" src=\"https:\/\/www.technikag-eckener.de\/wp-content\/uploads\/2018\/09\/Nils-22-300x169.jpg\" alt=\"\" width=\"300\" height=\"169\" class=\"alignnone size-medium wp-image-73\" srcset=\"https:\/\/www.technikag-eckener.de\/wp-content\/uploads\/2018\/09\/Nils-22-300x169.jpg 300w, https:\/\/www.technikag-eckener.de\/wp-content\/uploads\/2018\/09\/Nils-22-768x432.jpg 768w, https:\/\/www.technikag-eckener.de\/wp-content\/uploads\/2018\/09\/Nils-22-1024x575.jpg 1024w, https:\/\/www.technikag-eckener.de\/wp-content\/uploads\/2018\/09\/Nils-22-1920x1080.jpg 1920w\" sizes=\"auto, (max-width: 300px) 100vw, 300px\" \/><br \/>\nDu wolltest schon immer mal mit einer Kamera ein Ereignis auf der B\u00fchne filmen? Du willst mal steuern welche\/r Kameramann\/frau wann was machen soll? Oder du willst einfach nur aktuelle Aufnahmen so mischen, das das Gesamtergebnis gut aussieht? Dann ist der Videoplatz genau das richtige f\u00fcr dich. Unter diesen Bereich fallen sowohl die Kameraleute, als auch die Videotechniker am Pult. Als Kameramann\/frau lernst du den genauen Aufbau und die Funktionen der Kamera kennen. Du lernst mit ihr umzugehen und bist schnell selbst an der Reihe! Innerhalb von 2 Treffen kannst du selbst an der Kamera stehen und filmen soviel du willst. Als Videotechniker, bist du derjenige\/diejenige der\/die daf\u00fcr sorgt, das die Kameraleute das filmen, was du f\u00fcr die Aufnahme ausw\u00e4hlst. Du suchst dir aus, welches Kamerabild wann in die Aufnahme kommt, und welche Kamerabilder die Qualit\u00e4t daf\u00fcr haben. Um ans Videopult zu kommen, musst du erstmal das Programm kennenlernen, doch wenn du es verstanden hast, und verwenden kannst, dann kannst du dein k\u00f6nnen beim n\u00e4chsten Event unter Beweis stellen.<\/p>\nngg_shortcode_0_placeholder\n","protected":false},"excerpt":{"rendered":"<p>Du wolltest schon immer mal mit einer Kamera ein Ereignis auf der B\u00fchne filmen? Du willst mal steuern welche\/r Kameramann\/frau wann was machen soll? Oder du willst einfach nur aktuelle Aufnahmen so mischen, das das Gesamtergebnis gut aussieht? Dann ist der Videoplatz genau das richtige f\u00fcr dich. Unter diesen Bereich fallen sowohl die Kameraleute, als <a class=\"more-link\" href=\"https:\/\/www.technikag-eckener.de\/?page_id=122\">weiterlesen&#8230;<\/a><\/p>\n","protected":false},"author":1,"featured_media":0,"parent":2,"menu_order":3,"comment_status":"closed","ping_status":"closed","template":"","meta":{"ngg_post_thumbnail":0,"footnotes":""},"class_list":["post-122","page","type-page","status-publish","hentry"],"_links":{"self":[{"href":"https:\/\/www.technikag-eckener.de\/index.php?rest_route=\/wp\/v2\/pages\/122","targetHints":{"allow":["GET"]}}],"collection":[{"href":"https:\/\/www.technikag-eckener.de\/index.php?rest_route=\/wp\/v2\/pages"}],"about":[{"href":"https:\/\/www.technikag-eckener.de\/index.php?rest_route=\/wp\/v2\/types\/page"}],"author":[{"embeddable":true,"href":"https:\/\/www.technikag-eckener.de\/index.php?rest_route=\/wp\/v2\/users\/1"}],"replies":[{"embeddable":true,"href":"https:\/\/www.technikag-eckener.de\/index.php?rest_route=%2Fwp%2Fv2%2Fcomments&post=122"}],"version-history":[{"count":10,"href":"https:\/\/www.technikag-eckener.de\/index.php?rest_route=\/wp\/v2\/pages\/122\/revisions"}],"predecessor-version":[{"id":413,"href":"https:\/\/www.technikag-eckener.de\/index.php?rest_route=\/wp\/v2\/pages\/122\/revisions\/413"}],"up":[{"embeddable":true,"href":"https:\/\/www.technikag-eckener.de\/index.php?rest_route=\/wp\/v2\/pages\/2"}],"wp:attachment":[{"href":"https:\/\/www.technikag-eckener.de\/index.php?rest_route=%2Fwp%2Fv2%2Fmedia&parent=122"}],"curies":[{"name":"wp","href":"https:\/\/api.w.org\/{rel}","templated":true}]}}