{"id":118,"date":"2018-09-23T17:36:12","date_gmt":"2018-09-23T17:36:12","guid":{"rendered":"https:\/\/www.technikag-eckener.de\/?page_id=118"},"modified":"2019-08-17T17:13:54","modified_gmt":"2019-08-17T17:13:54","slug":"tontechnik","status":"publish","type":"page","link":"https:\/\/www.technikag-eckener.de\/?page_id=118","title":{"rendered":"Tontechnik"},"content":{"rendered":"<p><img loading=\"lazy\" decoding=\"async\" src=\"https:\/\/www.technikag-eckener.de\/wp-content\/uploads\/2018\/08\/uberuns_Tontechnik1-300x242.jpg\" alt=\"\" width=\"300\" height=\"242\" class=\"alignnone size-medium wp-image-11\" srcset=\"https:\/\/www.technikag-eckener.de\/wp-content\/uploads\/2018\/08\/uberuns_Tontechnik1-300x242.jpg 300w, https:\/\/www.technikag-eckener.de\/wp-content\/uploads\/2018\/08\/uberuns_Tontechnik1.jpg 417w\" sizes=\"auto, (max-width: 300px) 100vw, 300px\" \/><\/p>\n<p>Du bist daran interessiert, den Ton bei Live-Auftritten zu verwalten? Du willst wissen, wie man Aufnahmen mixt? Oder du willst einfach nur etwas \u00fcber Tontechnik lernen? Dann ist der Ton-Bereich genau das Richtige f\u00fcr dich. Hier lernst du alles \u00fcber Tontechnik, ob es nun darum geht etwas zu mixen, eine Datei beim Musical abzuspielen, bei Live-Auftritten der Bands den Ton zu regeln oder einfach nur Mikrofone oder Headsets lauter und leiser zu machen. Alles wird dir hier Schritt f\u00fcr Schritt erkl\u00e4rt. Hast du die Grundlagen gelernt, kannst du, zun\u00e4chst unter Aufsicht, den Ton bei Events regeln. Zum Ton geh\u00f6rt auch Mikrofone zu verkabeln, Boxen zu pr\u00fcfen und zu reparieren und bei Auftritten jedes Instrument an die Stagebox anzuschlie\u00dfen.<\/p>\nngg_shortcode_0_placeholder\n","protected":false},"excerpt":{"rendered":"<p>Du bist daran interessiert, den Ton bei Live-Auftritten zu verwalten? Du willst wissen, wie man Aufnahmen mixt? Oder du willst einfach nur etwas \u00fcber Tontechnik lernen? Dann ist der Ton-Bereich genau das Richtige f\u00fcr dich. Hier lernst du alles \u00fcber Tontechnik, ob es nun darum geht etwas zu mixen, eine Datei beim Musical abzuspielen, bei <a class=\"more-link\" href=\"https:\/\/www.technikag-eckener.de\/?page_id=118\">weiterlesen&#8230;<\/a><\/p>\n","protected":false},"author":1,"featured_media":0,"parent":2,"menu_order":2,"comment_status":"closed","ping_status":"closed","template":"","meta":{"ngg_post_thumbnail":0,"footnotes":""},"class_list":["post-118","page","type-page","status-publish","hentry"],"_links":{"self":[{"href":"https:\/\/www.technikag-eckener.de\/index.php?rest_route=\/wp\/v2\/pages\/118","targetHints":{"allow":["GET"]}}],"collection":[{"href":"https:\/\/www.technikag-eckener.de\/index.php?rest_route=\/wp\/v2\/pages"}],"about":[{"href":"https:\/\/www.technikag-eckener.de\/index.php?rest_route=\/wp\/v2\/types\/page"}],"author":[{"embeddable":true,"href":"https:\/\/www.technikag-eckener.de\/index.php?rest_route=\/wp\/v2\/users\/1"}],"replies":[{"embeddable":true,"href":"https:\/\/www.technikag-eckener.de\/index.php?rest_route=%2Fwp%2Fv2%2Fcomments&post=118"}],"version-history":[{"count":18,"href":"https:\/\/www.technikag-eckener.de\/index.php?rest_route=\/wp\/v2\/pages\/118\/revisions"}],"predecessor-version":[{"id":412,"href":"https:\/\/www.technikag-eckener.de\/index.php?rest_route=\/wp\/v2\/pages\/118\/revisions\/412"}],"up":[{"embeddable":true,"href":"https:\/\/www.technikag-eckener.de\/index.php?rest_route=\/wp\/v2\/pages\/2"}],"wp:attachment":[{"href":"https:\/\/www.technikag-eckener.de\/index.php?rest_route=%2Fwp%2Fv2%2Fmedia&parent=118"}],"curies":[{"name":"wp","href":"https:\/\/api.w.org\/{rel}","templated":true}]}}